{"id":44,"date":"2017-05-08T14:59:42","date_gmt":"2017-05-08T12:59:42","guid":{"rendered":"http:\/\/charly.sven-halle.de\/?page_id=44"},"modified":"2017-11-08T22:26:34","modified_gmt":"2017-11-08T22:26:34","slug":"zuchtanlage","status":"publish","type":"page","link":"https:\/\/papageienzucht-rhein-nahe.de\/?page_id=44","title":{"rendered":"Zuchtanlage"},"content":{"rendered":"<p>[et_pb_section bb_built=&#8220;1&#8243; fullwidth=&#8220;off&#8220; specialty=&#8220;off&#8220; transparent_background=&#8220;on&#8220; allow_player_pause=&#8220;off&#8220; inner_shadow=&#8220;off&#8220; parallax=&#8220;off&#8220; parallax_method=&#8220;on&#8220; make_fullwidth=&#8220;off&#8220; use_custom_width=&#8220;off&#8220; width_unit=&#8220;on&#8220; make_equal=&#8220;off&#8220; use_custom_gutter=&#8220;off&#8220;][et_pb_row background_position=&#8220;top_left&#8220; background_repeat=&#8220;repeat&#8220; background_size=&#8220;initial&#8220;][et_pb_column type=&#8220;4_4&#8243;][et_pb_text background_layout=&#8220;light&#8220; text_orientation=&#8220;left&#8220; border_style=&#8220;solid&#8220; header_font=&#8220;Lobster||||&#8220; background_position=&#8220;top_left&#8220; background_repeat=&#8220;repeat&#8220; background_size=&#8220;initial&#8220; _builder_version=&#8220;3.0.71&#8243;]<\/p>\n<h1>Besonders wichtig<\/h1>\n<p>ist f\u00fcr uns die artgerechte Haltung und Pflege unserer gefiederten Freunde, und entsprechend legen wir besonderen Wert auf ein naturnahes Ambiente unter gro\u00dfz\u00fcgigen Bedingungen.<\/p>\n<p>Eine hygienisch einwandfreie Unterbringung und eine ausgewogene, abwechslungsreiche F\u00fctterung stehen hiermit im Einklang. Auch die regelm\u00e4\u00dfige tier\u00e4rztliche \u00dcberwachung und Betreuung des gesamten Bestandes z\u00e4hlen dabei zur Selbstverst\u00e4ndlichkeit.<\/p>\n<p>&nbsp;<\/p>\n<p>&nbsp;<\/p>\n<p>&nbsp;<\/p>\n<p>[\/et_pb_text][et_pb_gallery _builder_version=&#8220;3.0.71&#8243; show_title_and_caption=&#8220;off&#8220; show_pagination=&#8220;on&#8220; gallery_ids=&#8220;2037,2086,1445,2054,2045,2056,2088,2046,2075,2051,2074,2052,2084,2636,2070,2135,2147,2145,2143,2633,2031,2017,2049,2018,2090,2014,2094,2096,2007,2067,2006,2044,2059,2073,2038,2064,1519,2040,1444,2077,2028,2063,2062,2136,2078,2061,2053,2082,2080,2016,2133,2033,2134,2043,2011,2008&#8243; fullwidth=&#8220;off&#8220; orientation=&#8220;landscape&#8220; zoom_icon_color=&#8220;#2ea3f2&#8243; hover_overlay_color=&#8220;rgba(255,255,255,0.9)&#8220; background_layout=&#8220;light&#8220; border_style=&#8220;solid&#8220; auto=&#8220;off&#8220; \/][\/et_pb_column][\/et_pb_row][\/et_pb_section]<\/p>\n","protected":false},"excerpt":{"rendered":"<p>Besonders wichtig ist f\u00fcr uns die artgerechte Haltung und Pflege unserer gefiederten Freunde, und entsprechend legen wir besonderen Wert auf ein naturnahes Ambiente unter gro\u00dfz\u00fcgigen Bedingungen. Eine hygienisch einwandfreie Unterbringung und eine ausgewogene, abwechslungsreiche F\u00fctterung stehen hiermit im Einklang. Auch die regelm\u00e4\u00dfige tier\u00e4rztliche \u00dcberwachung und Betreuung des gesamten Bestandes z\u00e4hlen dabei zur Selbstverst\u00e4ndlichkeit. &nbsp; &nbsp; [&hellip;]<\/p>\n","protected":false},"author":1,"featured_media":0,"parent":0,"menu_order":0,"comment_status":"closed","ping_status":"closed","template":"","meta":{"_et_pb_use_builder":"on","_et_pb_old_content":"","_et_gb_content_width":"","footnotes":""},"class_list":["post-44","page","type-page","status-publish","hentry"],"_links":{"self":[{"href":"https:\/\/papageienzucht-rhein-nahe.de\/index.php?rest_route=\/wp\/v2\/pages\/44","targetHints":{"allow":["GET"]}}],"collection":[{"href":"https:\/\/papageienzucht-rhein-nahe.de\/index.php?rest_route=\/wp\/v2\/pages"}],"about":[{"href":"https:\/\/papageienzucht-rhein-nahe.de\/index.php?rest_route=\/wp\/v2\/types\/page"}],"author":[{"embeddable":true,"href":"https:\/\/papageienzucht-rhein-nahe.de\/index.php?rest_route=\/wp\/v2\/users\/1"}],"replies":[{"embeddable":true,"href":"https:\/\/papageienzucht-rhein-nahe.de\/index.php?rest_route=%2Fwp%2Fv2%2Fcomments&post=44"}],"version-history":[{"count":51,"href":"https:\/\/papageienzucht-rhein-nahe.de\/index.php?rest_route=\/wp\/v2\/pages\/44\/revisions"}],"predecessor-version":[{"id":1425,"href":"https:\/\/papageienzucht-rhein-nahe.de\/index.php?rest_route=\/wp\/v2\/pages\/44\/revisions\/1425"}],"wp:attachment":[{"href":"https:\/\/papageienzucht-rhein-nahe.de\/index.php?rest_route=%2Fwp%2Fv2%2Fmedia&parent=44"}],"curies":[{"name":"wp","href":"https:\/\/api.w.org\/{rel}","templated":true}]}}